n 6 is divided by t(-19)?
0
Let z(t) = 18*t - 14. Calculate the remainder when z(5) is divided by 40.
36
Let y = 85 + -21. Calculate the remainder when y is divided by 33.
31
Let b(u) = -u**2 + 15*u + 16. What is the remainder when b(12) is divided by 9?
7
Suppose r + 28 = 2*r. Calculate the remainder when 81 is divided by r.
25
Suppose 0 = -3*t + 4*x + 106, -x + 25 = -4*t + 149. Suppose 5*r + o = 98, -r + 2*o + 22 = o. Let k = t - r. What is the remainder when 19 is divided by k?
9
Let q = 30 - 10. Suppose -x + p + 50 = 4*x, 2*p + 37 = 3*x. What is the remainder when ((-78)/x)/((-2)/9) is divided by q?
19
What is the remainder when 2/(8/180) - 3 is divided by 9?
6
Suppose 0 = 2*o - 8 - 4. Let n = o - 3. Calculate the remainder when 8 is divided by n.
2
Suppose s + 190 = -4*s. Let f = s - -56. Calculate the remainder when 52 is divided by f.
16
Let k = -239 - -342. What is the remainder when k is divided by 21?
19
Suppose 3*y - 2*m - 64 = 0, -5*m - 28 = 2*y - 77. Suppose 5*z = 83 + 127. What is the remainder when z is divided by y?
20
Let g be 3/((-3)/22) - -3. Let k = -6 - g. What is the remainder when 37 is divided by k?
11
Suppose 2*j + 42 = 52. Calculate the remainder when 34 is divided by j.
4
Let m = -50 + 29. Let d = m + 9. Let b = -1 - d. What is the remainder when 20 is divided by b?
9
What is the remainder when (156 + 0)*(-22)/(-44) is divided by 21?
15
Let u = -52 + 89. Calculate the remainder when u is divided by 21.
16
Calculate the remainder when 63 is divided by 4/(-12)*-2*24.
15
Let s = 91 + -47. Suppose -8 = -4*k + s. Calculate the remainder when 51 is divided by k.
12
Let c = 34 - -8. Suppose -3*a + a + c = 0. What is the remainder when 61 is divided by a?
19
Suppose 0 = -5*j - 5*c, j = -5*c + 2*c - 10. What is the remainder when 7 is divided by j?
2
Let g(r) = r**3 - 4*r**2 + 3*r - 1. Suppose 3*b = -5*y - 65, -2*y - 4 = -4*y. Let w = b - -46. What is the remainder when w is divided by g(4)?
10
Let p = -18 + 71. What is the remainder when p is divided by 19?
15
Let i(d) = -d**3 - 8*d**2 - 6*d + 5. Let b be i(-7). What is the remainder when 10 is divided by ((-3)/2)/(1/b)?
1
Suppose -2*y - 2*y + 396 = 0. Suppose 3*k = -3*p + y, -3*k - 6 = -p + 31. Suppose -11 = -5*g + 49. Calculate the remainder when p is divided by g.
10
Let g = -56 + 74. Calculate the remainder when g is divided by 4.
2
Let q(c) = 3*c**2 + c - 9. Calculate the remainder when q(4) is divided by 2*(-2)/(-8) - 105/(-10).
10
Suppose -44 + 296 = 3*w + 3*h, -h - 156 = -2*w. What is the remainder when w is divided by 17?
12
Let z = 19 - 2. Let c(n) = -n**2 + 19*n - 19. Let d be c(14). Let q = -1 + d. Calculate the remainder when q is divided by z.
16
Let s = -31 - -43. Let o = 24 - s. Calculate the remainder when o is divided by 7.
5
Let x(a) = 7*a - 24. Calculate the remainder when x(8) is divided by 11.
10
Let h(s) = -2*s + 1. Let a be (14/8 - 1)*4. Suppose -a*g - 2*g - 15 = 0. What is the remainder when 19 is divided by h(g)?
5
Suppose -j + g + 18 = 0, 4*g = j - 2*j + 13. What is the remainder when 31 is divided by j?
14
Let d(a) = 18*a**2 + a + 1. Let p = -1 - 0. What is the remainder when 53 is divided by d(p)?
17
Suppose -s - 3*d + 10 = 0, 3*s + 5*d + 0 - 18 = 0. What is the remainder when s is divided by 1?
0
Let k(d) = 2*d**3 - 9*d**2 + d - 6. Let m(i) = i + 5. Suppose 4*y = 0, -u + 4 = -2*y - 4. Calculate the remainder when k(5) is divided by m(u).
11
Let z = 27 - -2. Suppose 0 = b - 3*b + 16. Calculate the remainder when z is divided by b.
5
Suppose 7 = -4*g + 15. Calculate the remainder when 6 is divided by g.
0
Let n = 35 + -3. Suppose 5*a - n = a. What is the remainder when 14 is divided by a?
6
Let m(x) = -13*x - 2. Let k be m(-2). Suppose 4*t - 82 = 2*w + k, w - 43 = -2*t. What is the remainder when 47 is divided by t?
23
Let f = 152 + -79. Calculate the remainder when f is divided by 19.
16
Calculate the remainder when 183 is divided by ((-1)/(-3))/((-12)/(-1332)).
35
Calculate the remainder when 20 is divided by 108/10 + (-3)/(-15).
9
Let g = 8 - 17. Calculate the remainder when 6 is divided by (-24)/g*(-15)/(-10).
2
Let w = -2 - -1. Let k = w - -1. Suppose -4*s + 4*d = k, 12 = -2*s + 6*d - d. What is the remainder when 13 is divided by s?
1
Suppose 35 = 3*c - 28. What is the remainder when 101 is divided by c?
17
Let u be 3*((0 - 2) + 22). Let i = u + -43. Calculate the remainder when i is divided by 6.
5
Let h = 104 + -62. Suppose -52 = -3*u - w - 3, -4*w - h = -2*u. Calculate the remainder when u is divided by 6.
5
Let g(w) = 3*w - 7. Let p(u) = -u**3 + 3*u**2 + 2*u. Calculate the remainder when g(8) is divided by p(3).
5
Suppose -16*s + 54 = -10*s. What is the remainder when 24 is divided by s?
6
Let s(t) = -t**2 - 14*t - 5. Calculate the remainder when 53 is divided by s(-11).
25
Let k be 2 - 3 - -1*8. Let u = 20 - k. Suppose -2*c - 80 = -2*g, -c - 77 = 3*g - 5*g. What is the remainder when g is divided by u?
11
Let h be -1 - (1 + -1 + 0). Let r = 30 - 1. Calculate the remainder when r is divided by 5/(h - (-3)/2).
9
Suppose 4 = -3*b + 16. Suppose 0*r - 39 = -3*r + c, 2*r + 5*c = 26. Calculate the remainder when r is divided by b.
1
Let a(y) = 9*y + 3 + 7 - 10*y + 3. Let k(h) = 2*h + 2. Let l be k(2). Calculate the remainder when 18 is divided by a(l).
4
Suppose 0 = 5*f - 183 + 58. What is the remainder when f is divided by 13?
12
Let m = -5 + 13. What is the remainder when m is divided by 5?
3
Let l = -172 + 191. Calculate the remainder when 301 is divided by l.
16
Let h be (-15)/10*-50*1. Suppose 5*m - h - 20 = 0. What is the remainder when m is divided by 7?
5
Suppose -2*w = 0, 4*w + 137 = 4*i + 37. Calculate the remainder when i is divided by 9.
7
Let x = -42 + 97. What is the remainder when 106 is divided by x?
51
Suppose -m = 4*m - 195. Calculate the remainder when m is divided by 8.
7
Suppose -65 - 100 = -3*p. Calculate the remainder when 273 is divided by p.
53
Let o = -14 - -16. Calculate the remainder when 5 is divided by o.
1
Suppose 0 = -5*a + 2*t + 22 + 4, a - 16 = -5*t. Calculate the remainder when a is divided by 4.
2
Suppose t - 264 = -3*t - s, 4*t = -2*s + 264. Let l = t - 7. Calculate the remainder when l is divided by 15.
14
Suppose -3*y - 16 = y + 5*m, -12 = 3*m. Suppose -3*b + 64 = b. What is the remainder when b is divided by y*(-6)/(-7)*7?
4
Let a(s) = -s**3 + 4*s**2 + 13*s + 2. What is the remainder when 9 is divided by a(6)?
1
Let k = 12 - 8. Calculate the remainder when 9 is divided by k.
1
Suppose -c - 2*c + 6 = 0. Suppose -9 = 2*t - 3*t + 2*k, 3*t = -4*k - 13. What is the remainder when c is divided by t?
0
Let v be -2 - -9*(2 + -1). Let o = v + -1. Suppose -o*z + 2*z + 140 = 0. What is the remainder when z is divided by 18?
17
Suppose -2*l - 2*o = 2*l - 22, 3*l + 2*o = 17. Let w = -9 + 11. What is the remainder when l is divided by w?
1
Suppose 0*x = -v + x + 7, 0 = 5*v - 3*x - 35. Suppose -v*q + 3*q = 0. Let p(u) = u**2 - u + 19. Calculate the remainder when p(q) is divided by 10.
9
Suppose 0 = -3*n - 0*n + 6. Let r(v) = 5*v + 9. Let s be r(7). Suppose -4*l + s = -n*l. Calculate the remainder when l is divided by 6.
4
Suppose 0 = 2*j - 6*j - 80. Let v = 33 + j. Suppose 34 - 9 = k. What is the remainder when k is divided by v?
12
Let l(c) = -c. Let w be l(-2). Let m be (25/(-20))/(w/(-32)). What is the remainder when 0 + 0/(-2) + m is divided by 7?
6
Suppose 6*s = 35 - 11. Let c = 9 + -2. Calculate the remainder when c is divided by s.
3
Let y be (16/(-6))/((-4)/30). Let f = 20 + y. What is the remainder when f is divided by 14?
12
Let x be -3 - (-3 + 2 + -14). Let j(l) = 2*l - 7. Let v be j(6). Suppose v*w = 2*k + 42, -w + 4*k = -0*k - x. What is the remainder when 15 is divided by w?
7
Let v(m) be the third derivative of -m**4/8 - 5*m**3/6 - m**2. What is the remainder when 20 is divided by v(-4)?
6
Let x = -6 + 41. Calculate the remainder when x is divided by 13.
9
Suppose -15 = 3*j - 6. Let y(w) = -6*w + 4. Suppose -4*m = -8 - 4, -2*m + 42 = 3*c. What is the remainder when y(j) is divided by c?
10
Suppose -39 = -4*o + 9. What is the remainder when 32 is divided by o?
8
Let x(q) = 3*q + 0 - 2 - 6*q. Suppose 0 = 3*l - 3, -j + 3*l = 7*l - 68. What is the remainder when j is divided by x(-8)?
20
Suppose 0 = -c